)/(10/(-4) + j) is divided by 14.
11
Suppose 23*h - 152 = 1320. What is the remainder when 269 is divided by h?
13
Let r = -673 + 770. What is the remainder when 289 is divided by r?
95
Let s(q) = q**3 - 5*q**2 + 3. Suppose 9*o + 63 - 153 = 0. What is the remainder when o is divided by s(5)?
1
Let q = 57 - 36. Let r(c) = -2*c + 66. Calculate the remainder when r(q) is divided by 10.
4
Let z = 180 - 173. What is the remainder when 74 is divided by z?
4
Suppose -41*u + 32 = -37*u. Calculate the remainder when 10 is divided by u.
2
Let d(f) = -f**3 - f**2 + 9*f - 15. Calculate the remainder when d(-5) is divided by 2.
0
Let i = 83 + -79. Suppose 5*g = -i*c + 56, 2*g = c - 0*g - 27. What is the remainder when 92 is divided by c?
16
Let t = 2 - 8. Let p(w) = w**3 + 5*w**2 - 3*w + 8. Let u be p(t). What is the remainder when (-397)/(-7) - u/35 is divided by 20?
17
Suppose 3*g + 5 = f, -f + g + 2 = -7. Suppose -y + u + 3*u - 7 = 0, -2*u = y - f. What is the remainder when 31 is divided by 38/y + 4/10?
7
Let q(h) = -h + 17. Let d(c) = 8. Let a(l) = 14*d(l) - 6*q(l). Let u(f) = f**2 + f. What is the remainder when a(6) is divided by u(-4)?
10
Suppose -8 = -2*z - 0. Suppose z*n = 27 + 97. Let b(v) = -v + 3. What is the remainder when n is divided by b(-5)?
7
Suppose 5*z - 7*z = 0. Suppose z = -m + 2*m - 131. What is the remainder when m is divided by 22?
21
Let j(l) = -l**3 - 39*l**2 + 41*l + 66. What is the remainder when 47 is divided by j(-40)?
21
Let p = 197 - 108. Let g = 6 - -24. Calculate the remainder when p is divided by g.
29
Suppose -313 - 5 = -2*h. Suppose 0 = 3*k - 4 - 2, 5*n = -2*k + h. Calculate the remainder when 122 is divided by n.
29
Let k be ((-6)/(-33) - (-40)/22) + 1. Let s = 16 - 9. Suppose 5*m - k*m - s = -c, -7 = -c - m. What is the remainder when 25 is divided by c?
4
Let f(l) = 117*l - 1264. Calculate the remainder when f(12) is divided by 62.
16
Let h(r) be the second derivative of -r**3/3 - 2*r**2 - 4*r. Let s be h(6). What is the remainder when s/24*(-5 - 1) is divided by 3?
1
Let x be (3 + -1)*5/(-10). Let m = 7 - x. Suppose 12*u - m*u = 172. What is the remainder when u is divided by 15?
13
Let j(g) = 5 + 2 - 2*g - 7 + 15. Let a = 34 - 24. What is the remainder when j(-6) is divided by a?
7
Suppose 218 = 12*w - 142. Calculate the remainder when 509 is divided by w.
29
Let t = -5 + 8. Let b(p) = 2*p - 2. Let k be b(t). Suppose -104 = -k*q + 132. Calculate the remainder when q is divided by 15.
14
Let b = 70 - 68. Let n = 185 - 96. Calculate the remainder when n is divided by 24 + b + -4 + 1.
20
Suppose -11 - 5 = -4*y. Suppose k + 430 = 44*k. What is the remainder when k is divided by y?
2
Let w(o) = o**2 - 3*o + 11. Suppose 2*b + b - 2*s - 19 = 0, -b = -3*s - 11. What is the remainder when w(b) is divided by 11?
10
Let j be ((-3)/(-2))/(3/8). Suppose -2*o = m - o - 14, -2*m - 4*o = -36. What is the remainder when 62 is divided by (-84)/m*(-10)/j?
20
Calculate the remainder when 229 is divided by (-91661)/(-426) - ((-22)/12 - -2).
14
Let l(g) = -2*g**3 - 3*g**2 + 7*g + 4. What is the remainder when 74 is divided by l(-3)?
4
Calculate the remainder when 168 is divided by -2*(-1 - 150/20).
15
What is the remainder when (9 + -14)/(-20)*164 is divided by 22?
19
Let l = -1 - -16. Let i(b) = 35*b + 2526. What is the remainder when i(-71) is divided by l?
11
Let n(l) = l**3 - 13*l**2 + 15*l - 24. What is the remainder when 44 is divided by n(12)?
8
Let d = 69 - 66. Let y = d - -14. What is the remainder when 32 is divided by y?
15
Let i = 266 - 238. Calculate the remainder when 220 is divided by i.
24
Let x(l) = -5*l + 357. What is the remainder when x(56) is divided by 41?
36
Let u(n) = 2*n + 1. Let z be u(-1). What is the remainder when -39*(0 - (2 + z)) is divided by 14?
11
Let t(c) = c**2 - 12*c + 5. Let r be t(12). Suppose -r*l + 3 + 112 = 0. Let n(y) = y + 4. What is the remainder when l is divided by n(4)?
7
Suppose 817 = 43*z - 1462. Calculate the remainder when 474 is divided by z.
50
Suppose 0 = -65*s + 646 + 849. Let z(f) = f**2 - f + 41. Calculate the remainder when z(0) is divided by s.
18
Suppose -4*i - 26 = -10. Let c = i + 8. Suppose g - 60 = -c*g. What is the remainder when 45 is divided by g?
9
Let t = 2 + 10. Suppose 0 = -b + 3*b + t. Let c(p) = 2*p**2 - 3*p. What is the remainder when c(b) is divided by 23?
21
Suppose 0 = -u - 24 - 16. Calculate the remainder when 56 is divided by (-8)/(u/75) + -3.
8
Calculate the remainder when 179 is divided by -174*(9/(-27) - 0).
5
Suppose 0 = -3*s + 17 - 5. Suppose 10 = s*y + y. Suppose y + 40 = 2*z. What is the remainder when z is divided by 11?
10
Let p = 215 - 190. What is the remainder when 246 is divided by p?
21
Let y(a) = -a**3 + 14*a**2 - 13*a + 3. Let i be y(13). Calculate the remainder when (38/8)/((-1)/(-4)) is divided by (-1)/i + (-32)/(-6).
4
Let b(h) = h**3 + 5*h**2 - 7*h. Let n be b(-6). Calculate the remainder when 34/((-3)/(-3)) - -1 is divided by 4/n + 125/15.
8
Suppose 0 = -3*y + 63 + 24. Let v(g) = g + 5. Let q = 19 + -14. What is the remainder when y is divided by v(q)?
9
Suppose -t = -4*g + 56, 67 = 7*g - 2*g - 2*t. Calculate the remainder when 85 is divided by g.
10
Suppose 4*k + 365 = 5*i, -146 = -2*i + 6*k - 2*k. What is the remainder when i is divided by 53?
20
Let x = 44 + -4. Calculate the remainder when x is divided by 3/((34/(-170))/((-6)/10)).
4
Let n be (114/(-9))/(-2)*(-24)/8. Let s = -4 - n. Calculate the remainder when 27 is divided by s.
12
What is the remainder when 97234/1342 - (-6)/11 is divided by 34?
5
Let w(n) = -n**2 - 11*n - 18. Calculate the remainder when 106 is divided by w(-4).
6
Let v(n) = 3*n - 26. What is the remainder when 34 is divided by v(15)?
15
Suppose 0 = -2*y - 4*y - 72. What is the remainder when (-150)/8*32/y is divided by 100/7 + 2/(-7)?
8
What is the remainder when 6435/18 - (-27)/(-18) is divided by 72?
68
Suppose -8 = -3*f + f. Suppose 2*v + 6 - 32 = 0. Calculate the remainder when v is divided by f.
1
Suppose 5*h = -3*w + 36 + 247, -2*w + h = -180. Let o(k) = -5*k + 21. Calculate the remainder when w is divided by o(-2).
29
Suppose -4*y - y = -n - 242, -3*y = -5*n - 154. Suppose 0 = 15*k - 13*k - y. What is the remainder when k is divided by 9?
6
What is the remainder when 178 is divided by -270*7/105*-5?
88
Let f(w) = -w**2 + 4*w - 10. Let g(i) = 3*i**2 - 7*i + 21. Let m(q) = -5*f(q) - 2*g(q). Let s = -252 - -246. Calculate the remainder when m(s) is divided by 6.
2
Suppose z - 4 = 4*b + 3, 0 = -5*z + 2*b + 17. Suppose -282 = -5*o - g, g = z*o - 6*o + 168. What is the remainder when o is divided by 21?
15
Let l = 8 + -6. Suppose -2*h = -0*o + o - 125, -326 = -5*h + l*o. What is the remainder when h is divided by (2/(-4))/((-3 + 2)/22)?
9
What is the remainder when (-3 - (-1 + -1))*244/(-4) is divided by 33?
28
Suppose u + 5*p - 3 = -0, u - 11 = -p. Let w = 130 - 126. Suppose u = w*m - 3. What is the remainder when 17 is divided by m?
1
Let m = 8 + 85. What is the remainder when m is divided by 19?
17
Let m be 336/7*38/3. Let w be (-14)/4*m/(-56). Suppose 28 + w = 3*h. Calculate the remainder when 63 is divided by h.
19
Let t = -779 - -801. What is the remainder when 117 is divided by t?
7
Suppose 37 + 79 = -2*d. Calculate the remainder when 86 is divided by (18/36)/((-1)/d - 0).
28
Let l = 139 - 120. Let z = l + 103. What is the remainder when z is divided by 31?
29
Suppose -15*f + 35 = -10*f. Suppose 5*v - f*v + 148 = 0. Calculate the remainder when v is divided by 19.
17
Let f = 164 + 75. What is the remainder when f is divided by 30?
29
Calculate the remainder when 3*(-2)/12*-23*2 is divided by 3 + -5 - (-8)/1.
5
Let y(d) = d**2 + 9. Let a be y(0). Suppose 0 = -8*q + a*q - 16. Calculate the remainder when 62 is divided by q.
14
Suppose 4*b + 7 = -1, -2*h - b = 38. Let g = 1469 - 1487. Calculate the remainder when g - -14 - h*3 is divided by 13.
11
Let c = 283 + -128. Let o = c + -126. What is the remainder when o is divided by 16?
13
Let w = 164 - 135. What is the remainder when 608 is divided by w?
28
Calculate the remainder when 384 is divided by (-6363)/(-77) - (-8)/22.
52
Let s(i) = -i**3 + 4*i**2 - 4*i + 2. Suppose 3*f + 5*j = 26, -2*f + 5*j - 2 = -11. What is the remainder when f is divided by 